{"id":3,"date":"2024-02-05T18:56:41","date_gmt":"2024-02-05T18:56:41","guid":{"rendered":"https:\/\/www.gehmituns.at\/?page_id=3"},"modified":"2024-02-16T20:18:05","modified_gmt":"2024-02-16T20:18:05","slug":"privacy-policy","status":"publish","type":"page","link":"https:\/\/www.gehmituns.at\/?page_id=3","title":{"rendered":"Impressum \/ Datenschutzerkl\u00e4rung"},"content":{"rendered":"\n<h1 class=\"wp-block-heading\">IMPRESSUM \/ DATENSCHUTZERKL\u00c4RUNG<\/h1>\n\n\n\n<p><strong>F\u00fcr den Inhalt verantwortlich:<\/strong>&nbsp;Mag. Paul Mazal<\/p>\n\n\n\n<p><strong>Herausgeber und Medieninhaber:<\/strong><\/p>\n\n\n\n<p>Offenlegung gem. \u00a7 25 MedienG:<\/p>\n\n\n\n<p>Medieninhaber: Geh mit uns \u2013 Behindertenhilfe, F\u00f6hrengasse 39-41, A- 2201 Kapellerfeld, E-Mail: gmu95@gehmituns.at, Gesch\u00e4ftsf\u00fchrer: Mag. Paul Mazal<\/p>\n\n\n\n<p>Grundlegende Richtung der Internetseite: Medium des Vereins Geh mit uns Behindertenhilfe: Diese Internetseite bietet Informationen, Pr\u00e4sentationen und Materialen \u00fcber Geh mit uns \u2013 Behindertenhilfe, sowie inhaltliche Auseinandersetzung mit dem Thema Behinderung im Allgemeinen.<\/p>\n\n\n\n<p>\u00a9 Geh mit uns &#8211; Behindertenhilfe. Alle Rechte vorbehalten! \u00c4nderungen jederzeit vorbehalten. F\u00fcr Irrt\u00fcmer und Fehler kann keine Haftung \u00fcbernommen werden. Die auf dieser Website publizierten Bilder, Medien und Texte sind urheberrechtlich gesch\u00fctzt. Soweit nicht anders angegeben liegt das Copyright beim Medieninhaber (siehe oben). Jegliche Vervielf\u00e4ltigung und\/oder kommerzielle Nutzung ist strengstens untersagt. Eine Weiterverwendung von Inhalten dieser Website bedarf der ausdr\u00fccklichen schriftlichen Genehmigung des Medieninhabers.<\/p>\n\n\n\n<h3 class=\"wp-block-heading\" id=\"kontakt\">Kontakt<\/h3>\n\n\n\n<p>F\u00f6hrengasse 39-41, 2201 Kapellerfeld<br>Telefon: +43 2246 4043<br>E-Mail: gmu95@gehmituns.at<\/p>\n\n\n\n<h3 class=\"wp-block-heading\" id=\"bankverbindung\">Bankverbindung<\/h3>\n\n\n\n<p>Kontowortlaut:&nbsp;<strong>Geh mit uns &#8211; Behindertenhilfe<\/strong><\/p>\n\n\n\n<p>IBAN:&nbsp;<strong>AT60 3209 2000 0062 5939<\/strong><\/p>\n\n\n\n<p>BIC (SWIFT):&nbsp;<strong>RLNWATWWGAE<\/strong><\/p>\n\n\n\n<p>Bank:&nbsp;<strong>Raiffeisen Regionalbank G\u00e4nserndorf<\/strong><\/p>\n\n\n\n<h3 class=\"wp-block-heading\" id=\"zvr-nummer\">ZVR-Nummer<\/h3>\n\n\n\n<p>291659520<\/p>\n\n\n\n<h3 class=\"wp-block-heading\" id=\"uid-nummer\">UID-Nummer<\/h3>\n\n\n\n<p>ATU 580 180 77<\/p>\n\n\n\n<p><\/p>\n\n\n\n<p><\/p>\n\n\n\n<h2 class=\"wp-block-heading\">Medien<\/h2>\n\n\n\n<p>Wenn du ein registrierter Benutzer bist und Fotos auf diese Website l\u00e4dst, solltest du vermeiden, Fotos mit einem EXIF-GPS-Standort hochzuladen. Besucher dieser Website k\u00f6nnten Fotos, die auf dieser Website gespeichert sind, herunterladen und deren Standort-Informationen extrahieren.<\/p>\n\n\n\n<h2 class=\"wp-block-heading\">Cookies<\/h2>\n\n\n\n<p>Wenn du einen Kommentar auf unserer Website schreibst, kann das eine Einwilligung sein, deinen Namen, E-Mail-Adresse und Website in Cookies zu speichern. Dies ist eine Komfortfunktion, damit du nicht, wenn du einen weiteren Kommentar schreibst, all diese Daten erneut eingeben musst. Diese Cookies werden ein Jahr lang gespeichert.<\/p>\n\n\n\n<p>Falls du ein Konto hast und dich auf dieser Website anmeldest, werden wir ein tempor\u00e4res Cookie setzen, um festzustellen, ob dein Browser Cookies akzeptiert. Dieses Cookie enth\u00e4lt keine personenbezogenen Daten und wird verworfen, wenn du deinen Browser schlie\u00dft.<\/p>\n\n\n\n<p>Wenn du dich anmeldest, werden wir einige Cookies einrichten, um deine Anmeldeinformationen und Anzeigeoptionen zu speichern. Anmelde-Cookies verfallen nach zwei Tagen und Cookies f\u00fcr die Anzeigeoptionen nach einem Jahr. Falls du bei der Anmeldung \u201eAngemeldet bleiben\u201c ausw\u00e4hlst, wird deine Anmeldung zwei Wochen lang aufrechterhalten. Mit der Abmeldung aus deinem Konto werden die Anmelde-Cookies gel\u00f6scht.<\/p>\n\n\n\n<p>Wenn du einen Artikel bearbeitest oder ver\u00f6ffentlichst, wird ein zus\u00e4tzlicher Cookie in deinem Browser gespeichert. Dieser Cookie enth\u00e4lt keine personenbezogenen Daten und verweist nur auf die Beitrags-ID des Artikels, den du gerade bearbeitet hast. Der Cookie verf\u00e4llt nach einem Tag.<\/p>\n\n\n\n<h2 class=\"wp-block-heading\">Eingebettete Inhalte von anderen Websites<\/h2>\n\n\n\n<p>Beitr\u00e4ge auf dieser Website k\u00f6nnen eingebettete Inhalte beinhalten (z. B. Videos, Bilder, Beitr\u00e4ge etc.). Eingebettete Inhalte von anderen Websites verhalten sich exakt so, als ob der Besucher die andere Website besucht h\u00e4tte.<\/p>\n\n\n\n<p>Diese Websites k\u00f6nnen Daten \u00fcber dich sammeln, Cookies benutzen, zus\u00e4tzliche Tracking-Dienste von Dritten einbetten und deine Interaktion mit diesem eingebetteten Inhalt aufzeichnen, inklusive deiner Interaktion mit dem eingebetteten Inhalt, falls du ein Konto hast und auf dieser Website angemeldet bist.<\/p>\n\n\n\n<h2 class=\"wp-block-heading\">Mit wem wir deine Daten teilen<\/h2>\n\n\n\n<p>Wenn du eine Zur\u00fccksetzung des Passworts beantragst, wird deine IP-Adresse in der E-Mail zur Zur\u00fccksetzung enthalten sein.<\/p>\n\n\n\n<h2 class=\"wp-block-heading\">Wie lange wir deine Daten speichern<\/h2>\n\n\n\n<p>Wenn du einen Kommentar schreibst, wird dieser inklusive Metadaten zeitlich unbegrenzt gespeichert. Auf diese Art k\u00f6nnen wir Folgekommentare automatisch erkennen und freigeben, anstatt sie in einer Moderations-Warteschlange festzuhalten.<\/p>\n\n\n\n<p>F\u00fcr Benutzer, die sich auf unserer Website registrieren, speichern wir zus\u00e4tzlich die pers\u00f6nlichen Informationen, die sie in ihren Benutzerprofilen angeben. Alle Benutzer k\u00f6nnen jederzeit ihre pers\u00f6nlichen Informationen einsehen, ver\u00e4ndern oder l\u00f6schen (der Benutzername kann nicht ver\u00e4ndert werden). Administratoren der Website k\u00f6nnen diese Informationen ebenfalls einsehen und ver\u00e4ndern.<\/p>\n\n\n\n<h2 class=\"wp-block-heading\">Welche Rechte du an deinen Daten hast<\/h2>\n\n\n\n<p>Wenn du ein Konto auf dieser Website besitzt oder Kommentare geschrieben hast, kannst du einen Export deiner personenbezogenen Daten bei uns anfordern, inklusive aller Daten, die du uns mitgeteilt hast. Dar\u00fcber hinaus kannst du die L\u00f6schung aller personenbezogenen Daten, die wir von dir gespeichert haben, anfordern. Dies umfasst nicht die Daten, die wir aufgrund administrativer, rechtlicher oder sicherheitsrelevanter Notwendigkeiten aufbewahren m\u00fcssen.<\/p>\n\n\n\n<h2 class=\"wp-block-heading\">Wohin deine Daten gesendet werden<\/h2>\n\n\n\n<p>Besucher-Kommentare k\u00f6nnten von einem automatisierten Dienst zur Spam-Erkennung untersucht werden.<\/p>\n","protected":false},"excerpt":{"rendered":"<p>IMPRESSUM \/ DATENSCHUTZERKL\u00c4RUNG F\u00fcr den Inhalt verantwortlich:&nbsp;Mag. Paul Mazal Herausgeber und Medieninhaber: Offenlegung gem. \u00a7 25 MedienG: Medieninhaber: Geh mit uns \u2013 Behindertenhilfe, F\u00f6hrengasse 39-41, A- 2201 Kapellerfeld, E-Mail: gmu95@gehmituns.at, Gesch\u00e4ftsf\u00fchrer: Mag. Paul Mazal Grundlegende Richtung der Internetseite: Medium des Vereins Geh mit uns Behindertenhilfe: Diese Internetseite bietet Informationen, Pr\u00e4sentationen und Materialen \u00fcber Geh mit [&hellip;]<\/p>\n","protected":false},"author":1,"featured_media":0,"parent":0,"menu_order":0,"comment_status":"closed","ping_status":"open","template":"","meta":{"footnotes":""},"_links":{"self":[{"href":"https:\/\/www.gehmituns.at\/index.php?rest_route=\/wp\/v2\/pages\/3"}],"collection":[{"href":"https:\/\/www.gehmituns.at\/index.php?rest_route=\/wp\/v2\/pages"}],"about":[{"href":"https:\/\/www.gehmituns.at\/index.php?rest_route=\/wp\/v2\/types\/page"}],"author":[{"embeddable":true,"href":"https:\/\/www.gehmituns.at\/index.php?rest_route=\/wp\/v2\/users\/1"}],"replies":[{"embeddable":true,"href":"https:\/\/www.gehmituns.at\/index.php?rest_route=%2Fwp%2Fv2%2Fcomments&post=3"}],"version-history":[{"count":2,"href":"https:\/\/www.gehmituns.at\/index.php?rest_route=\/wp\/v2\/pages\/3\/revisions"}],"predecessor-version":[{"id":590,"href":"https:\/\/www.gehmituns.at\/index.php?rest_route=\/wp\/v2\/pages\/3\/revisions\/590"}],"wp:attachment":[{"href":"https:\/\/www.gehmituns.at\/index.php?rest_route=%2Fwp%2Fv2%2Fmedia&parent=3"}],"curies":[{"name":"wp","href":"https:\/\/api.w.org\/{rel}","templated":true}]}}

Impressum / Datenschutzerklärung

<h1 class="wp-block-heading">IMPRESSUM / DATENSCHUTZERKLÄRUNG</h1>



<p><strong>Für den Inhalt verantwortlich:</strong>&nbsp;Mag. Paul Mazal</p>



<p><strong>Herausgeber und Medieninhaber:</strong></p>



<p>Offenlegung gem. § 25 MedienG:</p>



<p>Medieninhaber: Geh mit uns – Behindertenhilfe, Föhrengasse 39-41, A- 2201 Kapellerfeld, E-Mail: gmu95@gehmituns.at, Geschäftsführer: Mag. Paul Mazal</p>



<p>Grundlegende Richtung der Internetseite: Medium des Vereins Geh mit uns Behindertenhilfe: Diese Internetseite bietet Informationen, Präsentationen und Materialen über Geh mit uns – Behindertenhilfe, sowie inhaltliche Auseinandersetzung mit dem Thema Behinderung im Allgemeinen.</p>



<p>© Geh mit uns &#8211; Behindertenhilfe. Alle Rechte vorbehalten! Änderungen jederzeit vorbehalten. Für Irrtümer und Fehler kann keine Haftung übernommen werden. Die auf dieser Website publizierten Bilder, Medien und Texte sind urheberrechtlich geschützt. Soweit nicht anders angegeben liegt das Copyright beim Medieninhaber (siehe oben). Jegliche Vervielfältigung und/oder kommerzielle Nutzung ist strengstens untersagt. Eine Weiterverwendung von Inhalten dieser Website bedarf der ausdrücklichen schriftlichen Genehmigung des Medieninhabers.</p>



<h3 class="wp-block-heading" id="kontakt">Kontakt</h3>



<p>Föhrengasse 39-41, 2201 Kapellerfeld<br>Telefon: +43 2246 4043<br>E-Mail: gmu95@gehmituns.at</p>



<h3 class="wp-block-heading" id="bankverbindung">Bankverbindung</h3>



<p>Kontowortlaut:&nbsp;<strong>Geh mit uns &#8211; Behindertenhilfe</strong></p>



<p>IBAN:&nbsp;<strong>AT60 3209 2000 0062 5939</strong></p>



<p>BIC (SWIFT):&nbsp;<strong>RLNWATWWGAE</strong></p>



<p>Bank:&nbsp;<strong>Raiffeisen Regionalbank Gänserndorf</strong></p>



<h3 class="wp-block-heading" id="zvr-nummer">ZVR-Nummer</h3>



<p>291659520</p>



<h3 class="wp-block-heading" id="uid-nummer">UID-Nummer</h3>



<p>ATU 580 180 77</p>



<p></p>



<p></p>



<h2 class="wp-block-heading">Medien</h2>



<p>Wenn du ein registrierter Benutzer bist und Fotos auf diese Website lädst, solltest du vermeiden, Fotos mit einem EXIF-GPS-Standort hochzuladen. Besucher dieser Website könnten Fotos, die auf dieser Website gespeichert sind, herunterladen und deren Standort-Informationen extrahieren.</p>



<h2 class="wp-block-heading">Cookies</h2>



<p>Wenn du einen Kommentar auf unserer Website schreibst, kann das eine Einwilligung sein, deinen Namen, E-Mail-Adresse und Website in Cookies zu speichern. Dies ist eine Komfortfunktion, damit du nicht, wenn du einen weiteren Kommentar schreibst, all diese Daten erneut eingeben musst. Diese Cookies werden ein Jahr lang gespeichert.</p>



<p>Falls du ein Konto hast und dich auf dieser Website anmeldest, werden wir ein temporäres Cookie setzen, um festzustellen, ob dein Browser Cookies akzeptiert. Dieses Cookie enthält keine personenbezogenen Daten und wird verworfen, wenn du deinen Browser schließt.</p>



<p>Wenn du dich anmeldest, werden wir einige Cookies einrichten, um deine Anmeldeinformationen und Anzeigeoptionen zu speichern. Anmelde-Cookies verfallen nach zwei Tagen und Cookies für die Anzeigeoptionen nach einem Jahr. Falls du bei der Anmeldung „Angemeldet bleiben“ auswählst, wird deine Anmeldung zwei Wochen lang aufrechterhalten. Mit der Abmeldung aus deinem Konto werden die Anmelde-Cookies gelöscht.</p>



<p>Wenn du einen Artikel bearbeitest oder veröffentlichst, wird ein zusätzlicher Cookie in deinem Browser gespeichert. Dieser Cookie enthält keine personenbezogenen Daten und verweist nur auf die Beitrags-ID des Artikels, den du gerade bearbeitet hast. Der Cookie verfällt nach einem Tag.</p>



<h2 class="wp-block-heading">Eingebettete Inhalte von anderen Websites</h2>



<p>Beiträge auf dieser Website können eingebettete Inhalte beinhalten (z. B. Videos, Bilder, Beiträge etc.). Eingebettete Inhalte von anderen Websites verhalten sich exakt so, als ob der Besucher die andere Website besucht hätte.</p>



<p>Diese Websites können Daten über dich sammeln, Cookies benutzen, zusätzliche Tracking-Dienste von Dritten einbetten und deine Interaktion mit diesem eingebetteten Inhalt aufzeichnen, inklusive deiner Interaktion mit dem eingebetteten Inhalt, falls du ein Konto hast und auf dieser Website angemeldet bist.</p>



<h2 class="wp-block-heading">Mit wem wir deine Daten teilen</h2>



<p>Wenn du eine Zurücksetzung des Passworts beantragst, wird deine IP-Adresse in der E-Mail zur Zurücksetzung enthalten sein.</p>



<h2 class="wp-block-heading">Wie lange wir deine Daten speichern</h2>



<p>Wenn du einen Kommentar schreibst, wird dieser inklusive Metadaten zeitlich unbegrenzt gespeichert. Auf diese Art können wir Folgekommentare automatisch erkennen und freigeben, anstatt sie in einer Moderations-Warteschlange festzuhalten.</p>



<p>Für Benutzer, die sich auf unserer Website registrieren, speichern wir zusätzlich die persönlichen Informationen, die sie in ihren Benutzerprofilen angeben. Alle Benutzer können jederzeit ihre persönlichen Informationen einsehen, verändern oder löschen (der Benutzername kann nicht verändert werden). Administratoren der Website können diese Informationen ebenfalls einsehen und verändern.</p>



<h2 class="wp-block-heading">Welche Rechte du an deinen Daten hast</h2>



<p>Wenn du ein Konto auf dieser Website besitzt oder Kommentare geschrieben hast, kannst du einen Export deiner personenbezogenen Daten bei uns anfordern, inklusive aller Daten, die du uns mitgeteilt hast. Darüber hinaus kannst du die Löschung aller personenbezogenen Daten, die wir von dir gespeichert haben, anfordern. Dies umfasst nicht die Daten, die wir aufgrund administrativer, rechtlicher oder sicherheitsrelevanter Notwendigkeiten aufbewahren müssen.</p>



<h2 class="wp-block-heading">Wohin deine Daten gesendet werden</h2>



<p>Besucher-Kommentare könnten von einem automatisierten Dienst zur Spam-Erkennung untersucht werden.</p>

<p>IMPRESSUM / DATENSCHUTZERKLÄRUNG Für den Inhalt verantwortlich:&nbsp;Mag. Paul Mazal Herausgeber und Medieninhaber: Offenlegung gem. § 25 MedienG: Medieninhaber: Geh mit uns – Behindertenhilfe, Föhrengasse 39-41, A- 2201 Kapellerfeld, E-Mail: gmu95@gehmituns.at, Geschäftsführer: Mag. Paul Mazal Grundlegende Richtung der Internetseite: Medium des Vereins Geh mit uns Behindertenhilfe: Diese Internetseite bietet Informationen, Präsentationen und Materialen über Geh mit [&hellip;]</p>
