{"id":36,"date":"2024-02-05T19:44:50","date_gmt":"2024-02-05T19:44:50","guid":{"rendered":"https:\/\/www.gehmituns.at\/?page_id=36"},"modified":"2024-02-13T18:26:13","modified_gmt":"2024-02-13T18:26:13","slug":"wo-wir-einander-beruehren","status":"publish","type":"page","link":"https:\/\/www.gehmituns.at\/?page_id=36","title":{"rendered":"Wo wir einander ber\u00fchren"},"content":{"rendered":"\t\t<div data-elementor-type=\"wp-page\" data-elementor-id=\"36\" class=\"elementor elementor-36\">\n\t\t\t\t<div class=\"elementor-element elementor-element-27c0afe6 animated-slow e-flex e-con-boxed elementor-invisible e-con e-parent\" data-id=\"27c0afe6\" data-element_type=\"container\" data-e-type=\"container\" data-settings=\"{&quot;background_background&quot;:&quot;slideshow&quot;,&quot;background_slideshow_gallery&quot;:[{&quot;id&quot;:295,&quot;url&quot;:&quot;https:\\\/\\\/www.gehmituns.at\\\/wp-content\\\/uploads\\\/2024\\\/02\\\/hero-blur-1.jpg&quot;}],&quot;animation&quot;:&quot;fadeIn&quot;,&quot;background_slideshow_loop&quot;:&quot;yes&quot;,&quot;background_slideshow_slide_duration&quot;:5000,&quot;background_slideshow_slide_transition&quot;:&quot;fade&quot;,&quot;background_slideshow_transition_duration&quot;:500}\">\n\t\t\t\t\t<div class=\"e-con-inner\">\n\t\t\t\t<div class=\"elementor-element elementor-element-7873e3fa elementor-widget elementor-widget-heading\" data-id=\"7873e3fa\" data-element_type=\"widget\" data-e-type=\"widget\" data-widget_type=\"heading.default\">\n\t\t\t\t<div class=\"elementor-widget-container\">\n\t\t\t\t\t<h1 class=\"elementor-heading-title elementor-size-default\">Wo wir einander ber\u00fchren<\/h1>\t\t\t\t<\/div>\n\t\t\t\t<\/div>\n\t\t\t\t\t<\/div>\n\t\t\t\t<\/div>\n\t\t<div class=\"elementor-element elementor-element-15a3341e e-con-full animated-fast e-flex elementor-invisible e-con e-parent\" data-id=\"15a3341e\" data-element_type=\"container\" data-e-type=\"container\" data-settings=\"{&quot;animation&quot;:&quot;zoomIn&quot;}\">\n\t\t<div class=\"elementor-element elementor-element-597e251f e-flex e-con-boxed e-con e-child\" data-id=\"597e251f\" data-element_type=\"container\" data-e-type=\"container\">\n\t\t\t\t\t<div class=\"e-con-inner\">\n\t\t\t\t<div class=\"elementor-element elementor-element-37c0ee96 elementor-widget elementor-widget-heading\" data-id=\"37c0ee96\" data-element_type=\"widget\" data-e-type=\"widget\" data-widget_type=\"heading.default\">\n\t\t\t\t<div class=\"elementor-widget-container\">\n\t\t\t\t\t<h1 class=\"elementor-heading-title elementor-size-default\">KooperationspartnerInnen<\/h1>\t\t\t\t<\/div>\n\t\t\t\t<\/div>\n\t\t\t\t\t<\/div>\n\t\t\t\t<\/div>\n\t\t\t\t<\/div>\n\t\t<div class=\"elementor-element elementor-element-70d61c51 e-flex e-con-boxed elementor-invisible e-con e-parent\" data-id=\"70d61c51\" data-element_type=\"container\" data-e-type=\"container\" data-settings=\"{&quot;animation&quot;:&quot;fadeInUp&quot;}\">\n\t\t\t\t\t<div class=\"e-con-inner\">\n\t\t<div class=\"elementor-element elementor-element-668e2c61 e-flex e-con-boxed e-con e-child\" data-id=\"668e2c61\" data-element_type=\"container\" data-e-type=\"container\">\n\t\t\t\t\t<div class=\"e-con-inner\">\n\t\t\t\t<div class=\"elementor-element elementor-element-4a50c6d6 elementor-position-top elementor-invisible elementor-widget elementor-widget-image-box\" data-id=\"4a50c6d6\" data-element_type=\"widget\" data-e-type=\"widget\" data-settings=\"{&quot;_animation&quot;:&quot;fadeInDown&quot;}\" data-widget_type=\"image-box.default\">\n\t\t\t\t<div class=\"elementor-widget-container\">\n\t\t\t\t\t<div class=\"elementor-image-box-wrapper\"><figure class=\"elementor-image-box-img\"><a href=\"https:\/\/www.sozialministerium.at\/\" tabindex=\"-1\"><img fetchpriority=\"high\" decoding=\"async\" width=\"640\" height=\"220\" src=\"https:\/\/www.gehmituns.at\/wp-content\/uploads\/2024\/02\/bmask.png\" class=\"attachment-full size-full wp-image-493\" alt=\"\" srcset=\"https:\/\/www.gehmituns.at\/wp-content\/uploads\/2024\/02\/bmask.png 640w, https:\/\/www.gehmituns.at\/wp-content\/uploads\/2024\/02\/bmask-300x103.png 300w\" sizes=\"(max-width: 640px) 100vw, 640px\" \/><\/a><\/figure><div class=\"elementor-image-box-content\"><h1 class=\"elementor-image-box-title\"><a href=\"https:\/\/www.sozialministerium.at\/\">bmask<\/a><\/h1><\/div><\/div>\t\t\t\t<\/div>\n\t\t\t\t<\/div>\n\t\t\t\t\t<\/div>\n\t\t\t\t<\/div>\n\t\t<div class=\"elementor-element elementor-element-166ae9c9 e-flex e-con-boxed e-con e-child\" data-id=\"166ae9c9\" data-element_type=\"container\" data-e-type=\"container\">\n\t\t\t\t\t<div class=\"e-con-inner\">\n\t\t\t\t<div class=\"elementor-element elementor-element-9bda738 elementor-position-top elementor-invisible elementor-widget elementor-widget-image-box\" data-id=\"9bda738\" data-element_type=\"widget\" data-e-type=\"widget\" data-settings=\"{&quot;_animation&quot;:&quot;fadeInDown&quot;}\" data-widget_type=\"image-box.default\">\n\t\t\t\t<div class=\"elementor-widget-container\">\n\t\t\t\t\t<div class=\"elementor-image-box-wrapper\"><figure class=\"elementor-image-box-img\"><a href=\"https:\/\/www.raiffeisen.at\/noew\/gaenserndorf\/de\/meine-bank\/bankstellen\/gaenserndorf.html\" tabindex=\"-1\"><img decoding=\"async\" width=\"383\" height=\"132\" src=\"https:\/\/www.gehmituns.at\/wp-content\/uploads\/2024\/02\/raika.png\" class=\"attachment-full size-full wp-image-497\" alt=\"\" srcset=\"https:\/\/www.gehmituns.at\/wp-content\/uploads\/2024\/02\/raika.png 383w, https:\/\/www.gehmituns.at\/wp-content\/uploads\/2024\/02\/raika-300x103.png 300w\" sizes=\"(max-width: 383px) 100vw, 383px\" \/><\/a><\/figure><div class=\"elementor-image-box-content\"><h1 class=\"elementor-image-box-title\"><a href=\"https:\/\/www.raiffeisen.at\/noew\/gaenserndorf\/de\/meine-bank\/bankstellen\/gaenserndorf.html\">Raika G\u00e4nserndorf<\/a><\/h1><\/div><\/div>\t\t\t\t<\/div>\n\t\t\t\t<\/div>\n\t\t\t\t\t<\/div>\n\t\t\t\t<\/div>\n\t\t<div class=\"elementor-element elementor-element-7839ea62 e-flex e-con-boxed e-con e-child\" data-id=\"7839ea62\" data-element_type=\"container\" data-e-type=\"container\">\n\t\t\t\t\t<div class=\"e-con-inner\">\n\t\t\t\t<div class=\"elementor-element elementor-element-11b12ba9 elementor-position-top elementor-invisible elementor-widget elementor-widget-image-box\" data-id=\"11b12ba9\" data-element_type=\"widget\" data-e-type=\"widget\" data-settings=\"{&quot;_animation&quot;:&quot;fadeInDown&quot;}\" data-widget_type=\"image-box.default\">\n\t\t\t\t<div class=\"elementor-widget-container\">\n\t\t\t\t\t<div class=\"elementor-image-box-wrapper\"><figure class=\"elementor-image-box-img\"><a href=\"https:\/\/www.noe.gv.at\/\" tabindex=\"-1\"><img decoding=\"async\" width=\"570\" height=\"235\" src=\"https:\/\/www.gehmituns.at\/wp-content\/uploads\/2024\/02\/land-noe.png\" class=\"attachment-full size-full wp-image-494\" alt=\"\" srcset=\"https:\/\/www.gehmituns.at\/wp-content\/uploads\/2024\/02\/land-noe.png 570w, https:\/\/www.gehmituns.at\/wp-content\/uploads\/2024\/02\/land-noe-300x124.png 300w\" sizes=\"(max-width: 570px) 100vw, 570px\" \/><\/a><\/figure><div class=\"elementor-image-box-content\"><h1 class=\"elementor-image-box-title\"><a href=\"https:\/\/www.noe.gv.at\/\">Land N\u00d6<\/a><\/h1><\/div><\/div>\t\t\t\t<\/div>\n\t\t\t\t<\/div>\n\t\t\t\t\t<\/div>\n\t\t\t\t<\/div>\n\t\t\t\t\t<\/div>\n\t\t\t\t<\/div>\n\t\t<div class=\"elementor-element elementor-element-1c130206 e-con-full e-flex e-con e-parent\" data-id=\"1c130206\" data-element_type=\"container\" data-e-type=\"container\" data-settings=\"{&quot;background_background&quot;:&quot;classic&quot;}\">\n\t\t<div class=\"elementor-element elementor-element-7b01b3da e-flex e-con-boxed e-con e-child\" data-id=\"7b01b3da\" data-element_type=\"container\" data-e-type=\"container\">\n\t\t\t\t\t<div class=\"e-con-inner\">\n\t\t\t\t<div class=\"elementor-element elementor-element-2d7f249a elementor-invisible elementor-widget elementor-widget-heading\" data-id=\"2d7f249a\" data-element_type=\"widget\" data-e-type=\"widget\" data-settings=\"{&quot;_animation&quot;:&quot;fadeInLeft&quot;}\" data-widget_type=\"heading.default\">\n\t\t\t\t<div class=\"elementor-widget-container\">\n\t\t\t\t\t<h1 class=\"elementor-heading-title elementor-size-default\">SponsorInnen<\/h1>\t\t\t\t<\/div>\n\t\t\t\t<\/div>\n\t\t\t\t\t<\/div>\n\t\t\t\t<\/div>\n\t\t\t\t<\/div>\n\t\t<div class=\"elementor-element elementor-element-e2855e6 e-flex e-con-boxed e-con e-parent\" data-id=\"e2855e6\" data-element_type=\"container\" data-e-type=\"container\">\n\t\t\t\t\t<div class=\"e-con-inner\">\n\t\t<div class=\"elementor-element elementor-element-4cdfcc4f e-flex e-con-boxed e-con e-child\" data-id=\"4cdfcc4f\" data-element_type=\"container\" data-e-type=\"container\">\n\t\t\t\t\t<div class=\"e-con-inner\">\n\t\t\t\t<div class=\"elementor-element elementor-element-100741e2 elementor-position-top elementor-invisible elementor-widget elementor-widget-image-box\" data-id=\"100741e2\" data-element_type=\"widget\" data-e-type=\"widget\" data-settings=\"{&quot;_animation&quot;:&quot;fadeInUp&quot;}\" data-widget_type=\"image-box.default\">\n\t\t\t\t<div class=\"elementor-widget-container\">\n\t\t\t\t\t<div class=\"elementor-image-box-wrapper\"><figure class=\"elementor-image-box-img\"><a href=\"https:\/\/lichtinsdunkel.orf.at\/\" tabindex=\"-1\"><img loading=\"lazy\" decoding=\"async\" width=\"599\" height=\"144\" src=\"https:\/\/www.gehmituns.at\/wp-content\/uploads\/2024\/02\/licht-ins-dunkel.png\" class=\"attachment-full size-full wp-image-495\" alt=\"\" srcset=\"https:\/\/www.gehmituns.at\/wp-content\/uploads\/2024\/02\/licht-ins-dunkel.png 599w, https:\/\/www.gehmituns.at\/wp-content\/uploads\/2024\/02\/licht-ins-dunkel-300x72.png 300w\" sizes=\"(max-width: 599px) 100vw, 599px\" \/><\/a><\/figure><div class=\"elementor-image-box-content\"><h1 class=\"elementor-image-box-title\"><a href=\"https:\/\/lichtinsdunkel.orf.at\/\">Licht ins Dunkel<\/a><\/h1><\/div><\/div>\t\t\t\t<\/div>\n\t\t\t\t<\/div>\n\t\t\t\t\t<\/div>\n\t\t\t\t<\/div>\n\t\t<div class=\"elementor-element elementor-element-5239276e e-flex e-con-boxed e-con e-child\" data-id=\"5239276e\" data-element_type=\"container\" data-e-type=\"container\">\n\t\t\t\t\t<div class=\"e-con-inner\">\n\t\t\t\t<div class=\"elementor-element elementor-element-88c3eca elementor-position-top elementor-invisible elementor-widget elementor-widget-image-box\" data-id=\"88c3eca\" data-element_type=\"widget\" data-e-type=\"widget\" data-settings=\"{&quot;_animation&quot;:&quot;fadeInUp&quot;}\" data-widget_type=\"image-box.default\">\n\t\t\t\t<div class=\"elementor-widget-container\">\n\t\t\t\t\t<div class=\"elementor-image-box-wrapper\"><figure class=\"elementor-image-box-img\"><a href=\"https:\/\/www.s-versicherung.at\/\" tabindex=\"-1\"><img loading=\"lazy\" decoding=\"async\" width=\"460\" height=\"109\" src=\"https:\/\/www.gehmituns.at\/wp-content\/uploads\/2024\/02\/s-versicherung.png\" class=\"attachment-full size-full wp-image-498\" alt=\"\" srcset=\"https:\/\/www.gehmituns.at\/wp-content\/uploads\/2024\/02\/s-versicherung.png 460w, https:\/\/www.gehmituns.at\/wp-content\/uploads\/2024\/02\/s-versicherung-300x71.png 300w\" sizes=\"(max-width: 460px) 100vw, 460px\" \/><\/a><\/figure><div class=\"elementor-image-box-content\"><h1 class=\"elementor-image-box-title\"><a href=\"https:\/\/www.s-versicherung.at\/\">s-Versicherung<\/a><\/h1><\/div><\/div>\t\t\t\t<\/div>\n\t\t\t\t<\/div>\n\t\t\t\t\t<\/div>\n\t\t\t\t<\/div>\n\t\t<div class=\"elementor-element elementor-element-85af4c6 e-flex e-con-boxed e-con e-child\" data-id=\"85af4c6\" data-element_type=\"container\" data-e-type=\"container\">\n\t\t\t\t\t<div class=\"e-con-inner\">\n\t\t\t\t<div class=\"elementor-element elementor-element-55ead34d elementor-position-top elementor-invisible elementor-widget elementor-widget-image-box\" data-id=\"55ead34d\" data-element_type=\"widget\" data-e-type=\"widget\" data-settings=\"{&quot;_animation&quot;:&quot;fadeInUp&quot;}\" data-widget_type=\"image-box.default\">\n\t\t\t\t<div class=\"elementor-widget-container\">\n\t\t\t\t\t<div class=\"elementor-image-box-wrapper\"><figure class=\"elementor-image-box-img\"><a href=\"https:\/\/www.assocfemmesdeurope.eu\/?lang=en\" tabindex=\"-1\"><img loading=\"lazy\" decoding=\"async\" width=\"2480\" height=\"2480\" src=\"https:\/\/www.gehmituns.at\/wp-content\/uploads\/2024\/02\/logo-aisbl.jpg\" class=\"attachment-full size-full wp-image-496\" alt=\"\" srcset=\"https:\/\/www.gehmituns.at\/wp-content\/uploads\/2024\/02\/logo-aisbl.jpg 2480w, https:\/\/www.gehmituns.at\/wp-content\/uploads\/2024\/02\/logo-aisbl-300x300.jpg 300w, https:\/\/www.gehmituns.at\/wp-content\/uploads\/2024\/02\/logo-aisbl-1024x1024.jpg 1024w, https:\/\/www.gehmituns.at\/wp-content\/uploads\/2024\/02\/logo-aisbl-150x150.jpg 150w, https:\/\/www.gehmituns.at\/wp-content\/uploads\/2024\/02\/logo-aisbl-768x768.jpg 768w, https:\/\/www.gehmituns.at\/wp-content\/uploads\/2024\/02\/logo-aisbl-1536x1536.jpg 1536w, https:\/\/www.gehmituns.at\/wp-content\/uploads\/2024\/02\/logo-aisbl-2048x2048.jpg 2048w, https:\/\/www.gehmituns.at\/wp-content\/uploads\/2024\/02\/logo-aisbl-600x600.jpg 600w\" sizes=\"(max-width: 2480px) 100vw, 2480px\" \/><\/a><\/figure><div class=\"elementor-image-box-content\"><h1 class=\"elementor-image-box-title\"><a href=\"https:\/\/www.assocfemmesdeurope.eu\/?lang=en\">Association Femmes d'Europe<\/a><\/h1><\/div><\/div>\t\t\t\t<\/div>\n\t\t\t\t<\/div>\n\t\t\t\t\t<\/div>\n\t\t\t\t<\/div>\n\t\t\t\t\t<\/div>\n\t\t\t\t<\/div>\n\t\t\t\t<\/div>\n\t\t","protected":false},"excerpt":{"rendered":"<p>Wo wir einander ber\u00fchren KooperationspartnerInnen bmask Raika G\u00e4nserndorf Land N\u00d6 SponsorInnen Licht ins Dunkel s-Versicherung Association Femmes d&#8217;Europe<\/p>\n","protected":false},"author":1,"featured_media":0,"parent":0,"menu_order":0,"comment_status":"closed","ping_status":"closed","template":"","meta":{"ocean_post_layout":"full-screen","ocean_both_sidebars_style":"","ocean_both_sidebars_content_width":0,"ocean_both_sidebars_sidebars_width":0,"ocean_sidebar":"","ocean_second_sidebar":"","ocean_disable_margins":"enable","ocean_add_body_class":"","ocean_shortcode_before_top_bar":"","ocean_shortcode_after_top_bar":"","ocean_shortcode_before_header":"","ocean_shortcode_after_header":"","ocean_has_shortcode":"","ocean_shortcode_after_title":"","ocean_shortcode_before_footer_widgets":"","ocean_shortcode_after_footer_widgets":"","ocean_shortcode_before_footer_bottom":"","ocean_shortcode_after_footer_bottom":"","ocean_display_top_bar":"default","ocean_display_header":"default","ocean_header_style":"","ocean_center_header_left_menu":"","ocean_custom_header_template":"","ocean_custom_logo":0,"ocean_custom_retina_logo":0,"ocean_custom_logo_max_width":0,"ocean_custom_logo_tablet_max_width":0,"ocean_custom_logo_mobile_max_width":0,"ocean_custom_logo_max_height":0,"ocean_custom_logo_tablet_max_height":0,"ocean_custom_logo_mobile_max_height":0,"ocean_header_custom_menu":"","ocean_menu_typo_font_family":"","ocean_menu_typo_font_subset":"","ocean_menu_typo_font_size":0,"ocean_menu_typo_font_size_tablet":0,"ocean_menu_typo_font_size_mobile":0,"ocean_menu_typo_font_size_unit":"px","ocean_menu_typo_font_weight":"","ocean_menu_typo_font_weight_tablet":"","ocean_menu_typo_font_weight_mobile":"","ocean_menu_typo_transform":"","ocean_menu_typo_transform_tablet":"","ocean_menu_typo_transform_mobile":"","ocean_menu_typo_line_height":0,"ocean_menu_typo_line_height_tablet":0,"ocean_menu_typo_line_height_mobile":0,"ocean_menu_typo_line_height_unit":"","ocean_menu_typo_spacing":0,"ocean_menu_typo_spacing_tablet":0,"ocean_menu_typo_spacing_mobile":0,"ocean_menu_typo_spacing_unit":"","ocean_menu_link_color":"","ocean_menu_link_color_hover":"","ocean_menu_link_color_active":"","ocean_menu_link_background":"","ocean_menu_link_hover_background":"","ocean_menu_link_active_background":"","ocean_menu_social_links_bg":"","ocean_menu_social_hover_links_bg":"","ocean_menu_social_links_color":"","ocean_menu_social_hover_links_color":"","ocean_disable_title":"default","ocean_disable_heading":"default","ocean_post_title":"","ocean_post_subheading":"","ocean_post_title_style":"","ocean_post_title_background_color":"","ocean_post_title_background":0,"ocean_post_title_bg_image_position":"","ocean_post_title_bg_image_attachment":"","ocean_post_title_bg_image_repeat":"","ocean_post_title_bg_image_size":"","ocean_post_title_height":0,"ocean_post_title_bg_overlay":0.5,"ocean_post_title_bg_overlay_color":"","ocean_disable_breadcrumbs":"default","ocean_breadcrumbs_color":"","ocean_breadcrumbs_separator_color":"","ocean_breadcrumbs_links_color":"","ocean_breadcrumbs_links_hover_color":"","ocean_display_footer_widgets":"default","ocean_display_footer_bottom":"default","ocean_custom_footer_template":"","footnotes":""},"class_list":["post-36","page","type-page","status-publish","hentry","entry"],"_links":{"self":[{"href":"https:\/\/www.gehmituns.at\/index.php?rest_route=\/wp\/v2\/pages\/36","targetHints":{"allow":["GET"]}}],"collection":[{"href":"https:\/\/www.gehmituns.at\/index.php?rest_route=\/wp\/v2\/pages"}],"about":[{"href":"https:\/\/www.gehmituns.at\/index.php?rest_route=\/wp\/v2\/types\/page"}],"author":[{"embeddable":true,"href":"https:\/\/www.gehmituns.at\/index.php?rest_route=\/wp\/v2\/users\/1"}],"replies":[{"embeddable":true,"href":"https:\/\/www.gehmituns.at\/index.php?rest_route=%2Fwp%2Fv2%2Fcomments&post=36"}],"version-history":[{"count":38,"href":"https:\/\/www.gehmituns.at\/index.php?rest_route=\/wp\/v2\/pages\/36\/revisions"}],"predecessor-version":[{"id":525,"href":"https:\/\/www.gehmituns.at\/index.php?rest_route=\/wp\/v2\/pages\/36\/revisions\/525"}],"wp:attachment":[{"href":"https:\/\/www.gehmituns.at\/index.php?rest_route=%2Fwp%2Fv2%2Fmedia&parent=36"}],"curies":[{"name":"wp","href":"https:\/\/api.w.org\/{rel}","templated":true}]}}